*2 a composite number?
False
Let i(u) = 26*u**2 - 22*u + 41. Let y(z) = -39*z**2 + 33*z - 61. Let s(x) = 8*i(x) + 5*y(x). Is s(10) prime?
True
Is (21/(-21))/(1/(-839)) a composite number?
False
Let a be (-590)/(-4) + 12/8. Suppose -2*g = -g - a. Is g a prime number?
True
Let w = 23708 + -14219. Is w a prime number?
False
Let d = 1 - -2. Is d*((-196)/(-12) - 4) prime?
True
Let b(l) = -6*l - 2. Let q be b(-4). Let t = q + -22. Suppose 3*d + t*m = 3*m + 471, 3*d - 475 = m. Is d prime?
False
Let n(w) = 3 - 3*w**3 - 4 - 4*w + 3*w**2 - 2 + 0*w**2. Let c be n(-4). Suppose c = l - 3*d, 4*l + d - 1038 = -0*d. Is l prime?
False
Let y(q) = 3*q + 4. Let c be y(3). Let n(l) = -13 + 0*l**3 - 12*l**2 + 2*l**3 - 3*l**3 - c*l + l. Is n(-12) prime?
True
Suppose 553 = u - 4*b, -6*b + b + 1608 = 3*u. Is u prime?
True
Let l = 71 + -271. Let p = 139 + l. Let h = p - -184. Is h composite?
True
Let m be ((-3)/(-6 - -3))/((-2)/(-5210)). Let t = -1610 + m. Is t composite?
True
Let d(c) = -489*c**3 + c**2 + 2*c + 1. Let x(p) = -p - 1. Let y be x(0). Let j be d(y). Suppose -2*w + j = 5*s, 4*w - 761 = w - 2*s. Is w a composite number?
False
Let z(y) = y**2 - y. Let x be z(-1). Suppose -1285 = -3*w + x*h, h = 4*w + 342 - 2062. Is w a prime number?
True
Let h be -9*964/(-5 - -3). Let v be h/10 - 2/(-10). Suppose -5*d = -v - 96. Is d prime?
False
Let l be (-9)/(52/28 - 2). Suppose 3*b + 6 - l = 0. Is b composite?
False
Let n(s) = s**2 + 11*s - 18. Let j be n(-16). Suppose 63*y - j*y - 662 = 0. Is y composite?
True
Suppose -v - 3*v + 3*t + 23 = 0, -v = 4*t + 18. Is (v/(-4))/((-4)/2536) a prime number?
True
Let q = -5 - -3. Let w(m) = -3*m**2 + 2*m - 2. Let x(o) = 4*o**2 - 3*o + 2. Let b(r) = -3*w(r) - 2*x(r). Is b(q) composite?
True
Is (4/2)/(104/801788) a prime number?
False
Is 0/14 + (0 - -15389) prime?
False
Suppose -2*s - 2*s = -16. Let u(r) = 3*r**2 + 12 - 1 - r - 7*r**3 - 8 - s. Is u(-4) prime?
True
Suppose 72959 = 3*b - 4*w, -3*b + w + 7805 + 65148 = 0. Is b prime?
True
Let k = -20988 + 37597. Is k a composite number?
True
Let r = 2591 + -1834. Suppose 5*h = 28 + r. Is h a composite number?
False
Let l = -16564 + 34077. Is l prime?
False
Suppose -80*m + 83*m - 33006 = 0. Is m a prime number?
False
Let p(j) = -10*j**2 + 46*j**2 - 16*j - 6 + 10*j + 11*j. Is p(1) a prime number?
False
Suppose -5*d = g + 1, -4*g = -3*g - 5*d - 9. Suppose -3542 = -g*b + 2054. Is b prime?
True
Suppose 3*u = 2*x + 16 + 1, -5*x - 2*u = -5. Is (1*x)/((-6)/11694) prime?
True
Let u = 150 + -147. Suppose -5*q = -3*b - 5882, 5886 = 5*q + 4*b - u*b. Is q a composite number?
True
Let y(d) = -135*d - 44. Is y(-19) composite?
False
Let w(f) = 15*f**2 - 1. Suppose -2*g + 6 = 5*z, -4*z + 4 = -g - 3*z. Is w(g) composite?
False
Let t = 21 - 16. Suppose 461 = 2*l - 203. Suppose o - l + 3 = -4*a, 0 = 3*o + t*a - 1001. Is o a composite number?
False
Let z be -1*2 + (-5)/(30/10722). Let w = -330 - z. Is w composite?
False
Let k = -3654 - -5678. Suppose 0 = 12*u + k - 8636. Is u a composite number?
True
Suppose -5 = -4*n + 11. Suppose 4*s = 3*d - 1365, 5*s + 19 = n. Is d composite?
True
Let c = 29 - 26. Suppose -123 = -c*k + 195. Is k a prime number?
False
Let z(m) = 15*m**2 - 4*m + 6. Let y = 35 - 26. Let k be z(y). Suppose -c + 5*f + 225 = 0, 5*c + 0*c + 5*f = k. Is c a composite number?
True
Let h(j) = 526*j**2 + 13*j + 6. Is h(-3) prime?
False
Let u = 12889 - 5734. Let x = u + -4820. Is x prime?
False
Let o = -234 - -953. Is o a prime number?
True
Suppose 4*x - 170 = -5*v, 170 = 5*v + 3*x - 0*x. Suppose 0 = b - v - 17. Suppose 3*q = 2*p - 36 + 173, q - b = -2*p. Is q prime?
True
Let r(y) be the first derivative of -358*y**2 - 3*y + 5. Is r(-1) a prime number?
False
Suppose 7*q = 3*q + 820. Let b = 1058 - q. Is b a prime number?
True
Let g(i) = 543*i + 2. Let a(s) = -s**3 + s**2 - s + 1. Let r be a(0). Is g(r) composite?
True
Let y = -12364 - -20731. Is y composite?
True
Let p = -48 - -47. Suppose 4*k - 2*b = -b + 1793, -3*k = b - 1350. Is (3 + -3 - p)*k a composite number?
False
Suppose 90*d - 87*d = 3*m + 234135, -20 = 5*m. Is d a composite number?
False
Let s(z) be the third derivative of z**5/3 - z**4/12 - 5*z**3/6 - 6*z**2. Is s(6) a prime number?
False
Suppose 3*i - 2*i - 5*u = 24889, -49804 = -2*i - 3*u. Is i prime?
False
Suppose 4*z = -0*f + f - 10913, 4*f + 4*z = 43652. Is f a prime number?
False
Suppose 0 = -4*j + 13*k - 17*k + 3424, -2*j - k = -1709. Is j prime?
True
Let m = 43 + -39. Suppose -m*k + 2 = -5*k, -a = 4*k - 177. Is a prime?
False
Suppose c = -2*t - 8, t - 2*c + 22 = -7*c. Is ((-2418)/12 - -1)/(t/4) a composite number?
False
Suppose -21*n = 7*n - 3444028. Is n composite?
False
Suppose 2*a = 4*n + 2, 3*a + 2*n = -n + 12. Suppose -2*s - 2*g = -2, -3*s + g + 0 + a = 0. Is s/1 + -1 - -223 composite?
False
Let f(g) be the first derivative of 2*g**3/3 - 11*g**2/2 + 16*g - 28. Suppose -7*s + 3*s - 48 = -4*w, 0 = 5*s + 15. Is f(w) a prime number?
True
Let r = -5958 - -10250. Is r/24 + (-3)/(-18) prime?
True
Let p(c) = -51*c - 2. Let m(s) = 51*s + 2. Suppose 4*v - 13 - 1 = 2*r, -2*r = -3*v + 12. Let b(g) = v*p(g) + 3*m(g). Is b(5) composite?
False
Suppose -2*l + 8550 = 4*l. Let c = 2574 - l. Is c composite?
True
Let n(z) = 4*z**2 + 7*z + 11. Suppose 8*k = 10*k. Let f(c) = -c**2 + c - 8. Let a be f(k). Is n(a) prime?
True
Let q(u) = -1441*u - 33. Is q(-4) composite?
True
Suppose o - 5*s - 6972 = 0, -28412 = -5*o - 2*s + 6313. Is o a composite number?
False
Suppose 0 = -y + 5*y - 2*c + 73288, 4*y = -2*c - 73272. Is (-1)/(-3) - y/48 composite?
True
Suppose -27*m + 28*m = 2*r - 91801, 5*r = 3*m + 229502. Is r a composite number?
True
Is -1 + (-30890)/(-6) - 69/207 composite?
False
Let s(i) = 10*i - 6 - 14*i**2 + 16*i**2 - 2*i**3 + 5*i. Is s(-7) a prime number?
True
Suppose -24612 = -r - 11*r. Is r prime?
False
Let f = 482 - -777. Is f prime?
True
Let d(n) = n**2 + 3*n - 5. Suppose 2*m = m - 5. Let p be d(m). Suppose -o + 0*o - 1012 = -p*g, 5*o = g - 188. Is g prime?
False
Let c(j) = 148*j**2 + 7*j + 8. Is c(-1) composite?
False
Let u = 35824 - 18955. Is u a prime number?
False
Suppose v = 5*v - 1668. Suppose g = -10 + v. Is g prime?
False
Let v(r) = 5*r**2 - 48*r + 29. Is v(18) a prime number?
False
Is 227 + (-7)/(21/6) - 4 a prime number?
False
Let m = 1521 - 816. Suppose -g + 352 = i, i + m = 2*g + 2*i. Suppose -2*n + n = -g. Is n prime?
True
Suppose -2*g = -5*w - 33, -w + 2 - 1 = 0. Suppose g*x = 23*x - 2068. Is x a composite number?
True
Suppose -5*i + 595 = -4*i + 3*g, -5*g - 2397 = -4*i. Let d = i + -1045. Is (d/12)/((-2)/8) a composite number?
False
Suppose x = 6*x - 30. Let z be x + (-3 - (1 + -1)). Suppose -5*r - z*l = -2517, -2*l = -2*r - 0*l + 994. Is r a composite number?
True
Let k(i) = -i**3 + 5*i**2 - 5*i + 6. Let o be k(5). Suppose -48 = 21*z - 762. Let v = z - o. Is v composite?
False
Let f(m) = -m - 11. Suppose -21 - 27 = 4*x. Let i be f(x). Is i/(-6) + (-2037)/(-18) a composite number?
False
Suppose 0 = 2*q - 2*o - 18762, 3*q - 42011 + 13878 = -2*o. Is q composite?
True
Let z be ((-2)/6)/(7 - (-765)/(-108)). Suppose z*d - 5*a - 22360 = 0, -27933 = -0*d - 5*d + 2*a. Is d composite?
True
Is 21007 - (1 + -11)*12/30 a prime number?
True
Suppose 5*o + 31 = -9. Is ((-2)/o + 15/(-12))*-983 a prime number?
True
Suppose 7*m = 6*m + 9. Suppose 5*z - m = 31. Is (-3)/(-1) - -4*z composite?
True
Is (-1*(14486 - 0))/(0 - 2) composite?
False
Let g be ((-3)/5)/(10/(-50)). Suppose 0 = g*p - 1213 - 188. Is p composite?
False
Is (133 + 24)/((-1)/(-2)) a prime number?
False
Suppose -r - 4*y + 2 = -21, -5 = -y. Let l(f) = 2*f + f**3 + 4*f**2 - f - 1 + 2. Is l(r) a composite number?
False
Let n = -2066 + 4083. Is n a prime number?
True
Let s(v) = -121*v + 67. Let u(l) = -61*l + 33. Let y(f) = -2*s(f) + 5*u(f). Is y(-6) prime?
True
Suppose 4*v + 36*c - 650 = 38*c, 3*v = -3*c + 492. Is v a composite number?
False
Suppose -2*j - 2*f + 1727 = -1587, -2*j = -3*f - 3309. Let u = j - 1079. Is u prime?
True
Let w(q) = 137*q - 16. Let m(u) = -138*u + 17. Let n(z) = -2*m(z) - 3*w(z). Is n(-3) composite?
False
Suppose 4*d - 34 = u, d + 0 = -1. Let o = u + 127. Is o a composite number?
False
Let g be 166 + 5 + (1 - 2). Suppose 4*k + g = 14. Let o = k - -106. Is o a composite number?
False
Suppose 19*x - 4287